+ 47*c - 36 = 0. Suppose 0 = -5*k - 2*m + 58, -2*m = -c + 1. Calculate the highest common divisor of k and 10.
10
Let y = -5 - -9. Suppose -5*b + 217 = -y*g, -3*g + 4 = -g. What is the highest common divisor of 30 and b?
15
Let m(i) = -44*i + 11. Let j(s) = 15*s - 4. Let h(v) = -11*j(v) - 4*m(v). Let t be h(1). What is the highest common divisor of 154 and t?
11
Let u(l) = 9*l - 1. Let f be u(4). Calculate the highest common factor of 140 and f.
35
Suppose 0*g - 3*g + 660 = 0. Suppose r + 4*r + 5*d - 235 = 0, 3*r - 120 = 4*d. What is the greatest common divisor of r and g?
44
Suppose -8*l = -136 + 8. Calculate the highest common factor of 368 and l.
16
Let x(r) be the second derivative of 0 + 7*r + 7/2*r**2 - 1/3*r**3. Let j be x(-7). What is the highest common divisor of 105 and j?
21
Let c be (-4)/(-6) + (-224)/(-6). Let r = 63 - c. What is the greatest common factor of 25 and r?
25
Let f = -115 + 35. Let y = f + 135. Suppose -2*b + 5 + 12 = v, -b - 4*v = 9. Calculate the highest common divisor of b and y.
11
Let n = -235 - -391. Suppose -156 = -8925*s + 8912*s. Calculate the greatest common factor of n and s.
12
Suppose -m + 115 = -3*k - 17, 3*m + 2*k = 440. Calculate the highest common divisor of m and 1512.
72
Suppose d = d - 2*d. Let c be 1/((-2)/(-26)) + (d - -2). What is the greatest common factor of 45 and c?
15
Suppose -4*i = -p + 9, -2*i = -0*i + p + 3. Let x be (-70)/(-6) - i/(-3). What is the greatest common factor of 1 and x?
1
Suppose -252 = 2*l + 4*l. Let o = -31 - l. What is the greatest common factor of 99 and o?
11
Suppose -g + 4*y + 59 = 0, 2*g - 3*y = -6*y + 162. Suppose 5*a + r - 3*r = 95, -5*a = 2*r - g. Calculate the highest common divisor of a and 17.
17
Suppose 0 = 293*h - 298*h + 325. Suppose 7*d - 6*d - 26 = 0. What is the greatest common factor of h and d?
13
Suppose 3*d + 40 = -2*d. Let u be (-7 - d/2) + 11. Suppose -u*g = -4*g - 64. Calculate the greatest common factor of g and 80.
16
Let u(l) = l**3 + 10*l**2 + 14*l - 10. Let d be u(-8). Calculate the greatest common factor of d and 9.
3
Let q be (-24)/(-2) - (1 - (5 + -5)). What is the highest common divisor of q and 539?
11
Suppose p - 5*p - 160 = 0. Let b be (-910)/p - (-6)/(-8). Let k = -56 + 111. What is the greatest common divisor of k and b?
11
Let b be ((-14)/(-5) + -1)*(-100)/(-6). What is the highest common factor of b and 870?
30
Suppose -65*l = -32*l - 297. Calculate the greatest common divisor of l and 2.
1
Let t = 160 - 128. Suppose 3*d - u - 73 = -2*u, 2*u - 26 = -d. Calculate the greatest common factor of d and t.
8
Let j be (7/3)/(-7)*-30. What is the greatest common factor of 110 and j?
10
Suppose 35 = -13*l + 18*l. Let n(r) = 2*r**3 - 11*r**2 + r - 1. Let d be n(l). Calculate the highest common factor of 9 and d.
9
Suppose 8*b - 14 = -38. Let t be b*1 - (0 - 5)*2. Calculate the highest common factor of t and 126.
7
Let v(n) = 29*n**3 - 4*n**2 + 3*n - 14. Let q be v(4). Calculate the highest common factor of 10 and q.
10
Suppose 2*f + 5*z = -206, 8*f - 3*f + 2*z + 536 = 0. Let v = f + 137. Calculate the highest common factor of 87 and v.
29
Suppose s - 1 - 1 = 0. Let h(d) = -d + 2*d + 0*d + s - d**2 + 2*d**3 - 8*d**3. Let i be h(-2). Calculate the highest common divisor of i and 4.
4
Let o(t) = t + 62. Suppose 0 = 2*m + 6, -h + 0*m = 5*m - 15. Let s be o(h). What is the greatest common factor of s and 23?
23
Suppose 71*l = 66*l - 4*m + 125, -4*l = -m - 79. Calculate the greatest common divisor of l and 175.
7
Suppose 4*a + 2*a - 840 = 0. What is the greatest common factor of 28 and a?
28
Suppose -32*f + 194 = -446. Calculate the greatest common factor of f and 460.
20
Suppose 183 = 5*t - 6*n + 3*n, 164 = 4*t + 2*n. Calculate the greatest common factor of t and 39.
39
Let t = 306 + -294. What is the greatest common factor of 21 and t?
3
Let b(o) = -1141*o - 63. Let d be b(-1). What is the greatest common factor of 308 and d?
154
Let n(k) = -36*k + 70. Let h be n(-6). Calculate the greatest common factor of h and 22.
22
Let v be 1 - 6 - -5 - -16. What is the greatest common factor of 144 and v?
16
Suppose 0 = -3*f + 24 + 6. Let u be f + -2 + 4 + -7. Calculate the highest common factor of 5 and u.
5
Suppose 5*p + 7*f - 5*f = 284, -3*p - 3*f = -174. Calculate the greatest common factor of p and 42.
14
Let m(k) = k**3 + 21*k**2 - 25*k - 28. Let r be m(-22). Suppose a = -2*a + 285. Calculate the greatest common factor of a and r.
19
Let m = 1569 - 1565. Calculate the highest common factor of m and 212.
4
Let j(d) = -2*d + 107. Let x be j(-6). Calculate the highest common factor of 77 and x.
7
Let m be 16 + -6 + 2/2. Let f be 5/((-20)/(-48)) + (-1 - -3). Let a = f + 107. Calculate the greatest common divisor of a and m.
11
Suppose -4*y - 10 = y. Let t be y/(-2)*(-2 - -4). Suppose -t*m - 3*m = -45. What is the highest common divisor of 9 and m?
9
Let s = -22 - -19. Let d be (59*s - 4)*1. Let t = 265 + d. What is the greatest common divisor of 12 and t?
12
Let y be -10*24/20*-3. Calculate the greatest common divisor of y and 414.
18
Suppose -2*y = -5*p - 75, -y - 2*p + 40 = y. Let w = -22 + y. Let v = w + 37. What is the highest common divisor of 5 and v?
5
Let l(z) = -z**2 + 16*z - 10. Let v be l(15). Suppose 0 = 5*u - v*a - 90, -4*u + a = -92 + 35. What is the highest common factor of 26 and u?
13
Let i(r) = -3*r**3 + r**2 - 4*r - 6. Let d be i(-2). What is the highest common factor of 24 and d?
6
Let y(u) = u**2 + 8*u + 14. Let a be y(-4). Let l be 130*(42/15 + a). What is the highest common divisor of 156 and l?
52
Let c = 86 + -40. Let t(n) = n**3 + 3*n**2 + 3*n + 4. Let q be t(-4). Let z = c + q. What is the highest common divisor of z and 22?
22
Let j(b) = 5*b**2 + 5*b + 36. Let r be j(-9). What is the greatest common divisor of 44 and r?
44
Suppose 3*p - 290 = 5*k, -2*k + 47 + 35 = p. Let d be 3/(-1) - -3 - (-150)/15. Calculate the greatest common divisor of d and p.
10
Suppose -11*h + 3*h = -40. Suppose -d - 139 = -4*c, -c - h*d + 18 = -22. Calculate the highest common factor of c and 280.
35
Suppose -3*y + 15 = 0, y = -2*h + 3*y - 4. Suppose 66 = -h*l + 4*l. Suppose 1 = -i + l. Calculate the highest common divisor of i and 26.
13
Suppose -4*s - 740 = -10*m + 6*m, -3*s - 9 = 0. What is the highest common divisor of m and 406?
14
Suppose -36 = -5*h + 24. Let i = h - -6. What is the highest common divisor of i and 198?
18
Suppose 3*u + 5*q = 68, 5*q + 149 = -u + 5*u. What is the highest common factor of u and 1?
1
Let b be 29*5*(1 + 6). Let k be (3 - 30/8) + b/20. What is the highest common divisor of 125 and k?
25
Suppose 569 = 8*z - 71. Suppose -108 = -3*c - 2*b, -2*c + 3*b = -5 - z. What is the highest common divisor of c and 418?
38
Let y(d) = d**3 + 9*d**2 + 5*d - 3. Let r be y(-8). Suppose 12*q - 30 = 2*q. What is the greatest common factor of q and r?
3
Let h = 5 - 6. Let u be -12 + 12 - (-2 - h). What is the highest common divisor of 4 and u?
1
Let m(w) = 4*w**2 - 11*w - 55. Let p be m(-6). Let a = p + 10. Calculate the highest common divisor of 15 and a.
15
Let o = -480 - -487. Calculate the highest common divisor of o and 175.
7
Suppose -z - 3*g + 22 = 0, -z - z = 5*g - 40. What is the highest common factor of 90 and z?
10
Suppose -2*n = -2*x - 42, 2*n - x = -18 + 56. Calculate the highest common factor of 391 and n.
17
Let m be 0/1 + 0/(-3). Suppose m = 5*y - 2*y + 3. Let q(b) = 2*b**2. Let g be q(y). What is the highest common divisor of 16 and g?
2
Let l(y) = 19*y**2 - y - 16. Let x be l(3). Calculate the greatest common factor of 57 and x.
19
Let r(m) = m**2. Let f(k) = -k**2 - 2*k - 5. Let s(l) = -f(l) - 2*r(l). Let q be s(6). Let a = q + 23. What is the highest common divisor of 16 and a?
4
Let q(r) = r**2 - 21*r - 42. Let d be q(23). Calculate the highest common divisor of 2 and d.
2
Suppose 4*z = 2*z + 10. Suppose 0 = 2*m - 2*g + 3*g + 154, -m = z*g + 77. Let y be 14/m - 178/(-11). Calculate the greatest common factor of 112 and y.
16
Let r = -108 + 102. Let g be 531/(-6)*4/r + 0. What is the greatest common divisor of 413 and g?
59
Suppose -12*p = -13*p + 7. Let h = 140 + -63. Calculate the greatest common divisor of p and h.
7
Suppose -29*h + 15*h = -308. What is the greatest common factor of h and 363?
11
Suppose -4*c = 